f 0 + 1/2*w**2 + 7*w + 1/2*w**3. Determine c(1).
4
Suppose -4*x + 0*x = -28. Let k(a) = -7 + x + a. Let c = 4 + 1. Calculate k(c).
5
Let i(f) = f**3 + 5*f**2 - 6*f + 6. Suppose 30 = -5*t - 4*u, u - 12 = 2*t - 0*u. What is i(t)?
6
Let w(k) = -3*k**3 + 4*k**2 + 8. Let t(y) be the first derivative of 7*y**4/4 - 7*y**3/3 - y**2/2 - 17*y + 1. Let x(z) = -2*t(z) - 5*w(z). What is x(6)?
6
Let z(b) = b + 2. Let r be z(-1). Let l(k) = 14*k - 1. Determine l(r).
13
Let f(x) be the second derivative of x**5/60 - x**4/3 - 2*x**3/3 + x. Let b(q) be the second derivative of f(q). Let h be (-2)/3 + 40/6. Give b(h).
4
Let y = -16 - -22. Let z(n) = -n - 1. Calculate z(y).
-7
Let f(l) be the first derivative of l**5/60 + l**4/4 - l**3 + l**2 - 1. Let h(k) be the second derivative of f(k). Determine h(-6).
-6
Let m(s) = -s**3 + 4*s**2 - s + 7. Let r(c) = c + 7. Let f be r(-3). Let d be m(f). Let o(g) = g - 2. Give o(d).
1
Let b(o) = 2*o**3 - 4*o**2 + 2*o + 2. Let g be 1/2 + 48/32. Calculate b(g).
6
Let t(z) = 1 + 6*z**2 - 9*z**2 - 1. Suppose -3*c - 5*n = -13, -3*c + 4*n - 2 = 3. What is t(c)?
-3
Let d(o) = o**2 + 8*o + 10. Let s be d(-7). Suppose -4*l - 7 = -s*l. Let t(h) = -h - 10. Let a be t(l). Let i(v) = 2*v + 3. Give i(a).
-3
Let i(x) = -2*x + 5. Let n(a) = -a + 16. Let b be n(9). Determine i(b).
-9
Suppose 5*o = j - 2*j + 20, -j = o - 8. Let u(v) = -4*v - 4. Let x(l) = -5*l - 5. Let a(g) = o*x(g) - 4*u(g). Determine a(2).
3
Let c be (-2)/7 + 18/14. Let f(j) = 6*j**2 + 2*j - 4. Let g(b) = 13*b**2 + 4*b - 7. Let d(v) = -5*f(v) + 3*g(v). Calculate d(c).
10
Let i(y) = -6*y**3 - 2*y**2 + 14. Let c(v) be the first derivative of v**4/4 - v**3/3 - v + 10. Let x(q) = 5*c(q) + i(q). Give x(-7).
9
Let u(w) = w**2 + 6*w + 7. Let s be u(-5). Suppose -5*z - 2 = -4*b + 21, -3*b - 23 = s*z. Let o = z + 12. Let t(q) = q**3 - 4*q**2 - 3*q. Determine t(o).
10
Let f be (-105)/(-10)*(-2 - 0). Let n = f - -16. Let h(x) = x**2 + 3*x - 3. Calculate h(n).
7
Suppose 0 = -k - 3*k. Suppose 12 = 3*q - k. Suppose -1 = 3*s - q*s. Let f(u) = -4*u**3 - u**2 + u - 1. Determine f(s).
-5
Let j(b) = -b + 6. Let o(t) = t**2 - 6*t - 2. Let f be o(7). Let p = f - 2. Suppose 0 = 3*x + 12 - 3, -p*x = 2*n + 3. Give j(n).
3
Let l = -19 + 23. Let p(t) = t. Let x(w) = -4*w + 1. Let u(i) = 6*p(i) + x(i). Calculate u(l).
9
Let u(l) = l**3 - 5*l**2 + 2*l + 5. Let i = -4 + 8. Give u(i).
-3
Let y(k) = k**3 + 4*k**2 - 6*k - 5. Let b be y(-5). Let o(f) be the second derivative of -2/3*f**3 + b + 0*f**2 + 2*f. Give o(-1).
4
Let v(t) = 6*t + 3. Let k(c) = 5*c + 2. Let y(x) = 5*k(x) - 4*v(x). Give y(5).
3
Suppose -2*v + 3*l - 24 = 3*v, v - l = -6. Let k(o) = -o - 1. What is k(v)?
2
Let y(a) = a**2 - 6*a - 1. Let z be y(5). Let o(r) = -r**2 + 3*r - 5*r - 3*r + 3. Determine o(z).
-3
Let d(f) = -f**3 - f**2 + f + 1. Let a be 7*(4 + (-9)/3). Let z(g) = 16*g**2 - 11*g**2 - a*g - 4 - 1 + 3*g + 10*g**3. Let h(c) = 5*d(c) + z(c). Determine h(-1).
-6
Suppose 2*m = -0*m + 28. Suppose -4*o - m = 2. Let x(w) = -2 + w + 4 + 3. Give x(o).
1
Suppose 5*v + 2 = -3*y + 38, 4*y + 16 = 4*v. Suppose -2*f + v = -f. Let p(a) = a. What is p(f)?
6
Suppose 2*c - 17 = 2*i + 1, c + 15 = -3*i. Let w(x) = x. What is w(i)?
-6
Let v(o) = -o**2 - 2*o + 4. Let d be v(-3). Let h be 3/(-6)*(3 - d). Let a(g) = -4 - 3*g + 0 + 3. Give a(h).
2
Let j(o) = -o**2 + 3*o. Let i = 5 - 5. Suppose i = 5*r + 9 + 11. Let m be r/6*3/(-1). What is j(m)?
2
Let i = 4 - 4. Let a = -3 - i. Let r(c) = -c**2 - c + 2. Let z be r(a). Let t(o) = -o + 1. Give t(z).
5
Let h = -12 + 8. Let s(k) = -6*k - 5. Let p(u) = -7*u - 5. Let l(y) = -5*p(y) + 6*s(y). Calculate l(h).
-1
Suppose 15*x + 27 = -18. Suppose 0 = s + 4*s - 10. Let g(h) = 4 - h + 2*h**2 - 2*h**2 - h**s. Calculate g(x).
-2
Let a(h) = h + 7. Let p be a(-5). Let s(r) = -4 + 4*r**2 - 3*r**p + 2*r - 3*r + 2*r. Give s(-4).
8
Let c(z) = z**2 + z - 2. Suppose -6*p + 2*p = 8. Give c(p).
0
Let w be ((-4)/(-3))/(2/(-3)). Let h(n) be the first derivative of 2*n**2 + 3*n + 1 + 1/3*n**3. Determine h(w).
-1
Let i(x) = 2 - 572*x + 6*x**2 + 571*x - x**3 + 4*x**2. What is i(10)?
-8
Suppose 0 = 5*y - 14 - 36. Suppose -3*x = 2*q - 7, 0*q + y = 5*q. Let t(d) = -6*d + 1. Give t(x).
-5
Let a(y) = -y - 1. Suppose 0 = -0*n + 3*n - 15. What is a(n)?
-6
Let y(z) = 3*z**3 - z**2 - z. Let q(r) = -2*r - 5*r**3 + r + r**2 + 3*r. Let d(s) = -5*q(s) - 8*y(s). Let l = 6 - 10. Determine d(l).
-8
Let f be ((-15)/4 + 3)*4. Let j(i) be the second derivative of i**3/3 + 3*i**2/2 + 2*i. Give j(f).
-3
Suppose -2*v - 5 = -v. Let j(z) = -2*z**2 - 8*z - 3. Calculate j(v).
-13
Let s(o) = -o + 2. Let f(p) = -p**3 - 11*p**2 - 11*p - 6. Let x be f(-10). Suppose -4*m + 26 = 5*j, 3*m - x*j = -j + 6. Calculate s(m).
-2
Suppose -2*x = 2*x + 24. Let y(t) = 8*t. Let i(m) = -7*m - 1. Let h(w) = -6*i(w) - 5*y(w). What is h(x)?
-6
Suppose 4*k = 6 - 14. Let u(x) be the first derivative of -2*x**2 - 3 + 3*x**2 - x + 5. Give u(k).
-5
Suppose -5*a = -4*q + 2*q, 5*a - q = 5. Let k(j) = 3*j + 1 - j - 3*j - 2*j**2 + 0*j**a. Determine k(1).
-2
Suppose 2*z - 5*c = -1, -4*z + c + 12 = 5*c. Suppose -14 = -4*t + z. Let s(v) = -v**3 + 3*v**2 + 5*v. Give s(t).
4
Let p = 8 - 2. Let v(g) = g**3 - 6*g**2 - 2. Let n be v(p). Let j(o) be the first derivative of -o**3 - o**2 + o - 1. Calculate j(n).
-7
Suppose 2*g - 6 = 0, 0 = -4*y - 4*g + 2*g - 2. Let n(a) = -a**3 - a**2 + 2. Give n(y).
6
Let i(g) = -3*g**3 + 17*g**2 + 8*g - 9. Let n(p) = p**3 - 8*p**2 - 4*p + 5. Let x(q) = 2*i(q) + 5*n(q). Determine x(-5).
2
Let g(u) = -9*u**2 + 12*u + 14. Let a(h) = 13*h**2 - 18*h - 21. Let m(o) = -5*a(o) - 7*g(o). Let d(j) = -25*j - 20. Let v be d(-1). Determine m(v).
-13
Let f(l) = -3*l - 1. Let k(i) = 6*i + 2. Let a(j) = 5*f(j) + 2*k(j). What is a(3)?
-10
Let g = -1125 - -1121. Let v(s) = 2 + 2*s**3 - 4*s**2 - 3*s**3 - 5. Determine v(g).
-3
Let s(n) be the first derivative of -n**4/4 - 2*n**3/3 + 2*n**2 + 4*n - 6. Calculate s(-3).
1
Let g(k) = k - 13. Let w be g(13). Let f(a) be the third derivative of -1/3*a**3 + 1/12*a**4 - 2*a**2 + w*a + 0. Calculate f(4).
6
Let t = 3 - 4. Let s(n) = 48*n**3 + 7*n**2 + 7*n - 10. Let u(f) = 16*f**3 + 2*f**2 + 2*f - 3. Let q(g) = -2*s(g) + 7*u(g). What is q(t)?
-17
Suppose -2*w + 5*p + 16 = 0, 2*w = w + 4*p + 11. Let m(v) = 6 - 6 + 4 - 7*v + v**3 + 1 - w*v**2. Let t(r) = -r**2 - 7*r - 2. Let z be t(-6). Give m(z).
-7
Let z be 2 + 3 + (-10 - -7). Let v(c) = -5*c**3 + 0*c**3 + 2 + c**2 + 3*c**3. Give v(z).
-10
Let j(z) be the first derivative of z**3/3 - 3*z**2 + 2*z - 9. Calculate j(4).
-6
Let a(o) = 4. Suppose 2*u + 8 = 0, -3*u = -3*m - 0*u + 24. Let y(z) = -z. Let s(h) = m*y(h) - a(h). Let t(n) = -n**2 + 8*n - 3. Let k be t(8). What is s(k)?
8
Let h(y) be the first derivative of -y**4/6 + 5*y**3/6 - y**2 + 5*y - 2. Let f(r) be the first derivative of h(r). Give f(3).
-5
Suppose -5*x - 4*q - 32 = 0, -x - 6 = 2*x - 2*q. Let t(d) = 5*d**2 - 4*d + 29. Let v(i) = i**2 - i + 7. Let l(a) = 2*t(a) - 9*v(a). What is l(x)?
7
Let u = 62 - 64. Let t(m) = -m**3 + 2. Give t(u).
10
Suppose -9 = 3*s, -u + 5*s + 0 + 20 = 0. Let k(h) = -5 + u - 6*h + 2*h. What is k(-2)?
8
Let v(b) = 5 - 8*b**2 + 6*b + b**3 - 5 + 3*b**2 - 4. Let c(u) = u**3 + u**2 - u + 1. Let i be c(-2). Let f be (-1 - 0) + i + 6. Determine v(f).
4
Suppose -2*d = 2*j, 0 = 2*j + 2*j - d - 15. Let c(g) = -g**3 + g**2 - g + 2. Let u(y) = 2*y**3 - y**2 + y - 4. Let a(o) = -9*c(o) - 4*u(o). Calculate a(j).
-5
Let z(a) be the first derivative of a**5/60 - a**4/24 + a**3 - 3*a**2/2 - 1. Let t(r) be the second derivative of z(r). Let v be (0 + 0)*3/6. Determine t(v).
6
Suppose -14 + 25 = -11*b. Let a(q) = 6*q**3 + 2*q**2 + 2*q + 1. Give a(b).
-5
Suppose -5*r + 0 = -5. Let v be ((-1)/r)/(1/3). Let i(t) = t**2 + t - 4. Determine i(v).
2
Let f(c) = c**2 + 2*c - 3. Let k be f(-4). Let v(q) = -q**2 + 5*q + 6. Determine v(k).
6
Let d = 1 - 5. Let n(m) = -5*m - 115*m**2 + m + 113*m**2 - 1. Let x(c) = c**2 + 3*c + 1. Let h(u) = d*x(u) - 3*n(u). Calculate h(-2).
7
Let p = 4 - 11. Let z(y) = -y**3 - 6*y**2 + 8*y + 4. Determine z(p).
-3
Let h(x) be the first derivative of -7/2*x**2 - 5*x - 1 - 2/3*x**3. What is h(-4)?
-9
Let u(j) = -3*j**2 + j + 1. Let x(q) = 3*q**2 - q - 1. Let g(r) = -5*u(r) - 6*x(r). Let f be 3/(-2)*(-8)/6. 